y, -3*p = 4*y + 14. Suppose -435 + 1513 = p*j. What is the hundreds digit of j?
5
Let f = -32 - -154. Let t = f + -117. Suppose t*n - 314 - 242 = -4*j, -n + 113 = -j. What is the tens digit of n?
1
Suppose 0 = -9*f + 4*f - 1990. Let v = -1143 - -1763. Let g = f + v. What is the tens digit of g?
2
Suppose 868 = 5*r + 23*r. What is the thousands digit of 45 + -37 + r*34?
1
Let o(p) = 3*p**3 + 7*p**2 + 14*p - 123. What is the hundreds digit of o(12)?
2
Let t(k) = 23*k**2 + 53*k + 730. What is the hundreds digit of t(-28)?
2
Suppose 4*s - 2 = 6*s. Let z be (5 - s)/(57/(-38)). What is the hundreds digit of (-2)/z + (-14)/4 + 131?
1
Suppose 7438*x - 7443*x + 37500 = 0. What is the units digit of x?
0
Let d = 16992 + -10262. What is the units digit of d?
0
Let c be (-1)/(2/4*(-6)/(-15)). Let a = c + 177. What is the hundreds digit of a?
1
Let x be (-6)/(-4)*3290/21. Suppose -83 = -3*i + x. Suppose -5*a = -3*w - 286, -2*a + 0*w + i = 3*w. What is the tens digit of a?
5
Let k(a) = -2*a**3 + 18*a**2 - 3*a + 53. Let f be k(9). Suppose 0 = f*d - 25*d - 864. What is the units digit of d?
4
Let d(x) = 20*x**2 + 157*x - 173. What is the ten thousands digit of d(37)?
3
Suppose -23*s + 21*s = 2*q - 18, 5*q - 21 = 3*s. Let f(y) = 4*y**3 - 7*y**2 + 13*y - 21. What is the hundreds digit of f(q)?
6
Let o(x) = -3*x**2 + x + 11. Let a be o(-5). Let p = -129 - a. What is the tens digit of ((-33964)/60)/(-7) - 8/p?
8
Let k(f) be the third derivative of f**6/120 + f**5/12 - 3*f**4/8 - f**3/2 + 66*f**2. What is the hundreds digit of k(5)?
2
Suppose -6*n + 23*n = -683672. What is the units digit of ((-10)/(-4))/((-110)/n)?
4
Let q(l) = 2*l**3 + 73*l**2 - 30*l + 221. What is the ten thousands digit of q(-31)?
1
Let r = 89 - 85. Suppose -4*l + 5 = -15, r*g - 1245 = -l. What is the units digit of g?
0
Let u be 1/1 + (-2)/(10/(-15)). Let h be 357 - (u/(-6))/((-8)/12). What is the tens digit of -1*-2*h/8?
8
Let w be (-3)/((-9)/3)*1. Let d be 21/42*(w - 1). Suppose -5*q + d*h + 216 = -h, 2*q + h = 85. What is the units digit of q?
3
Suppose 129680 - 7908 = 2*z + 5*n, -12 = -3*n. What is the hundreds digit of z?
8
Let d be (3 - 24/9) + (-16)/(-6). Suppose d*t - 9 - 21 = 0. What is the units digit of ((-24)/t)/(-6*7/700)?
0
Let d(h) = 49*h**2 + 351*h - 10297. What is the thousands digit of d(33)?
4
What is the units digit of (-8765)/40*2*(-23 + (3 - 0))?
5
Let p = -1511 + 1063. Let b = 2310 + p. What is the tens digit of b?
6
Suppose 179*s - 48947 - 62267 = 162*s. What is the tens digit of s?
4
Suppose -5*r + 237 = 97. Suppose -r*z + 16*z + 4296 = 0. What is the tens digit of z?
5
Let h = -27 + 34. Suppose h*p - 3038 = 119. What is the tens digit of p?
5
Suppose -1 + 29 = -7*j. Let o be j/12 + 5601/9. Suppose 0 = 5*i - 3*x - 345 - o, -5*i + x = -959. What is the units digit of i?
1
Let n be (0 - 3)*(-3 + 2). Suppose 5*k = -2*j + 5265, -9*j - 3159 = -n*k - 4*j. What is the tens digit of k?
5
Suppose 0 = 2*a - 0 + 6. Let i be a/9*(-246 - 0). Suppose -72 = -3*z + 2*f + i, f - 261 = -5*z. What is the units digit of z?
2
Let c = -271 - -461. Suppose -4*i - c = -2*j, 280 = 3*j + 7*i - 8*i. What is the units digit of j?
3
Let l = 250 - -415. Suppose 11032 = 7*w + l. What is the thousands digit of w?
1
Let b(i) = i**2 - 7*i + 9. Let f be b(6). Suppose 3*d + 2*d = -f*v + 175, -d + 22 = -2*v. What is the units digit of 165/(-20)*d/(-3)?
8
Let d(r) = 86*r + 122. Let x be d(14). Suppose -5*c + 2233 = p, 3*c = p + 3*p + x. What is the hundreds digit of c?
4
Let o = 31 - 6. Let h = o + -26. What is the tens digit of (91/14)/(h/(-2))?
1
Let l be ((-4)/(-6))/((-4)/(-30)). Suppose 0 = -v - 4*a + 2*a + 264, -5*v + 1275 = -l*a. What is the hundreds digit of v?
2
Let h be 54/36 - (-5)/2. Suppose 5*a - 13 = y, y = -h + 1. Suppose 5*l = -u + 3*l + 65, a*l - 120 = -2*u. What is the tens digit of u?
5
Let d be (4 - 0) + 2*2/(-1). Suppose 5*x + 0*m + 5*m = 750, d = -x - 3*m + 142. What is the units digit of x?
4
Let m(w) = 4853*w + 490. What is the thousands digit of m(4)?
9
Suppose -24 = 4*c, -11789 + 43196 = 3*h + 5*c. What is the ten thousands digit of h?
1
Let j(y) = 49*y**3 - 3*y**2 + 5*y + 23. Let k be j(7). Suppose 14*u = k + 7166. What is the tens digit of u?
0
Let t = -36 - -56. Suppose 13*y - t = 8*y. Suppose y*b = -0*b + 60. What is the tens digit of b?
1
Suppose -u - 2*l + 5197 = 274, -5*u + 2*l + 24591 = 0. What is the thousands digit of u?
4
Suppose -2*q = 186*h - 183*h - 21109, -q + h = -10537. What is the tens digit of q?
4
Let g(k) = k**3 + 21*k**2 + 57*k + 14. Let o be g(-18). What is the tens digit of (-156)/(-15) - (-16)/o?
1
Suppose -46*w + 439036 = 31660. What is the units digit of w?
6
Suppose 0 = -7*y - 30*y + 5476. Suppose 4*j - 226 = 374. Suppose y*v = j*v - 290. What is the hundreds digit of v?
1
Let l(v) = -6*v**3 + 15*v**2 + 10. Let r(d) = -d**3 + d**2. Let z(j) = l(j) - 5*r(j). Suppose 7 = -4*h + 43. What is the units digit of z(h)?
1
Let i = 5525 + 3535. What is the units digit of i?
0
Let l be -2 + 1 + 1/(-4)*-4. Let q(b) = 5*b - 6. Let g be q(2). Suppose s - 347 = -5*x - l*s, 0 = g*s + 12. What is the units digit of x?
0
Suppose -85*g - 3*b = -86*g + 14726, g - b = 14732. What is the hundreds digit of g?
7
Suppose -40*s + 658886 = -387492 + 219658. What is the ten thousands digit of s?
2
Let x = -14730 + 22879. What is the tens digit of x?
4
Let s be (-16)/(-32)*16/2 + 24. Suppose -7*r + s*r = 6909. What is the tens digit of r?
2
Let b(d) = -2*d**2 - 12*d + 8. Let q be b(-9). Let c = q - -50. Suppose -c*y = -5*i - 493, -5*i = -5*y - 179 + 789. What is the hundreds digit of y?
1
Let o = -4889 + 10259. What is the tens digit of o?
7
What is the tens digit of (16/(-32))/((-109398)/382844 - (-22)/77)?
7
Let v = 43473 - 25276. What is the hundreds digit of v?
1
Let x = -163 + 164. Let q(u) = u**2 - 2*u - 4. Let a be q(5). What is the hundreds digit of a/(-44) - ((-1618)/8)/x?
2
Suppose 37687 + 30806 = 3*x - 2*z, 114133 = 5*x + 4*z. Suppose 9*u - x = -4721. What is the tens digit of u?
1
Let p(y) = 1837*y**2 - 372*y - 739. What is the thousands digit of p(-2)?
7
Let s be 663/(-3)*(-3 - -4). Let h = s - -649. What is the tens digit of h?
2
Suppose -260516 - 769797 = -178*r + 597319. What is the tens digit of r?
4
Let q = -12 - -19. Let m(i) = 11*i**2 + 3*i + 10. Let v be m(4). Suppose q*d = d + v. What is the tens digit of d?
3
Let f be (6/4)/(1 + (-9)/10). Suppose -f = 5*w - 0*w. What is the units digit of (-2)/w*2685/10 + -1?
8
Suppose -3*u - 7*j + 56395 = 0, 3*u = -215*j + 211*j + 56383. What is the thousands digit of u?
8
Let u(p) = p**2 + 17*p + 6. Let r be u(-21). Let m = -88 + r. Suppose -2*b + o + 477 = 0, -4*o - 235 = -3*b + m*b. What is the units digit of b?
9
Let m be (4/(-2) + 9/6)*-44. Suppose -m*r + 18*r + 616 = 0. Suppose -34*o + 35*o - r = 0. What is the hundreds digit of o?
1
Suppose n + 5 - 15 = -3*r, -3*r + 36 = 3*n. Suppose 26 = -3*s - 64. Let i = n - s. What is the units digit of i?
3
What is the ten thousands digit of 88570/7 - ((-54)/84 + (-3)/(-2))?
1
Suppose 2*i - 5*y = 621, 1221 = 4*i + 13*y - 16*y. What is the units digit of i?
3
Let q(u) = u**2 + 24*u + 29. Let v be q(-23). Suppose -3*f + 556 = 5*c, -2*f - 5*c = -v*f + 718. What is the hundreds digit of f?
1
Let f = -4478 + 13526. What is the tens digit of f?
4
Let p(k) = 2*k + 5. Let i be p(10). Let q = 10 + i. Let n = 118 - q. What is the units digit of n?
3
Suppose -4*p - 11 = 3*t, -5*t = -4*p - 22 - 13. What is the units digit of 446/t - (-24)/72?
9
What is the units digit of 20721213/885 - ((-9)/15)/3?
4
Suppose -36 = -4*y + 220. Let m = 67 - y. Suppose -m*a = 7 - 22. What is the units digit of a?
5
What is the hundreds digit of (-28251)/146*(-514)/9?
0
Let h = 32581 - 9800. What is the ten thousands digit of h?
2
Suppose -7*f + 12*f = -4*p + 16, 0 = 5*p - 2*f - 20. What is the hundreds digit of (369/18 + p)*900/21?
0
Suppose 4 = -4*k + 5*p, 5*k - k + 4*p + 4 = 0. Let d be 6/3*(k - (-2 + 0)). What is the hundreds digit of -360*1*((-1)/1)/d?
1
Suppose -t - 9 = -19. Let c be 108/135 - (-2692)/t. Suppose 4*v - 140 = -3*s + 6*v, 5*s = -4*v + c. What is the tens digit of s?
5
Suppose -230 = -5*k + 2780. Suppose 0*v = -v + i + 146, 4*v = -5*i + k. What is the tens digit of v?
4
Suppose 0 = i + 4*